{"id":8082,"date":"2026-02-26T08:17:22","date_gmt":"2026-02-26T08:17:22","guid":{"rendered":"https:\/\/sapinseudunpurjehtijat.fi\/?page_id=8082"},"modified":"2026-02-26T08:17:24","modified_gmt":"2026-02-26T08:17:24","slug":"vaatetilaukset-2026","status":"publish","type":"page","link":"https:\/\/sapinseudunpurjehtijat.fi\/?page_id=8082","title":{"rendered":"Vaatetilaukset 2026"},"content":{"rendered":"\n\n\n<p><strong>Vaatetilaukse 2026<\/strong><\/p>\n\n\n\n<p>Kev\u00e4\u00e4ll\u00e4 2026 on taas mahdollisuus tilata SSP:een seuravaatteita. Vaatteita voi sovittaa Platlenssiss\u00e4 Lopulliset hnnat m\u00e4\u00e4r\u00e4ytyv\u00e4t tehtyjen tilausten perusteella.<\/p>\n\n\n\n<figure class=\"wp-block-image size-full is-resized\"><img loading=\"lazy\" decoding=\"async\" width=\"732\" height=\"972\" src=\"https:\/\/sapinseudunpurjehtijat.fi\/wp-content\/uploads\/2026\/02\/tuotesivu_CliqueBasicHoodyFullZipHuppari_021034_DarkNavyBlue_fbd053916916eb6fd548e44207895d36_13.avif\" alt=\"\" class=\"wp-image-8081\" style=\"aspect-ratio:0.7530949196237504;width:285px;height:auto\" srcset=\"https:\/\/sapinseudunpurjehtijat.fi\/wp-content\/uploads\/2026\/02\/tuotesivu_CliqueBasicHoodyFullZipHuppari_021034_DarkNavyBlue_fbd053916916eb6fd548e44207895d36_13.avif 732w, https:\/\/sapinseudunpurjehtijat.fi\/wp-content\/uploads\/2026\/02\/tuotesivu_CliqueBasicHoodyFullZipHuppari_021034_DarkNavyBlue_fbd053916916eb6fd548e44207895d36_13-226x300.avif 226w\" sizes=\"auto, (max-width: 732px) 100vw, 732px\" \/><\/figure>\n\n\n\n<p><strong>Clique vetoketjullinen huppari<\/strong><\/p>\n\n\n\n<ul class=\"wp-block-list\">\n<li>naisille ja miehille oma mallinsa<\/li>\n\n\n\n<li>tummansininen<\/li>\n\n\n\n<li>logo rinnassa, koordinaatit ja teksti &#8221;Luvia&#8221; vasemmassa hihassa<\/li>\n\n\n\n<li>hinta n. 65 \u20ac <\/li>\n<\/ul>\n\n\n\n<figure class=\"wp-block-image size-full is-resized\"><img loading=\"lazy\" decoding=\"async\" width=\"798\" height=\"1000\" src=\"https:\/\/sapinseudunpurjehtijat.fi\/wp-content\/uploads\/2026\/02\/021011_BasicActiveHoody_580_F.avif\" alt=\"\" class=\"wp-image-8083\" style=\"aspect-ratio:0.7979966611018364;width:238px;height:auto\" srcset=\"https:\/\/sapinseudunpurjehtijat.fi\/wp-content\/uploads\/2026\/02\/021011_BasicActiveHoody_580_F.avif 798w, https:\/\/sapinseudunpurjehtijat.fi\/wp-content\/uploads\/2026\/02\/021011_BasicActiveHoody_580_F-239x300.avif 239w, https:\/\/sapinseudunpurjehtijat.fi\/wp-content\/uploads\/2026\/02\/021011_BasicActiveHoody_580_F-768x962.avif 768w\" sizes=\"auto, (max-width: 798px) 100vw, 798px\" \/><\/figure>\n\n\n\n<p><strong>Clique kengurutaskullinen huppari<\/strong><\/p>\n\n\n\n<ul class=\"wp-block-list\">\n<li>unisex-malli<\/li>\n\n\n\n<li>tummansininen<\/li>\n\n\n\n<li>iso logo edess\u00e4<\/li>\n\n\n\n<li>hinta n. 40 \u20ac<\/li>\n<\/ul>\n\n\n\n<figure class=\"wp-block-image size-full is-resized\"><img loading=\"lazy\" decoding=\"async\" width=\"780\" height=\"1000\" src=\"https:\/\/sapinseudunpurjehtijat.fi\/wp-content\/uploads\/2026\/02\/029030_00_BasicT_F.avif\" alt=\"\" class=\"wp-image-8084\" style=\"aspect-ratio:0.7799896867661601;width:227px;height:auto\" srcset=\"https:\/\/sapinseudunpurjehtijat.fi\/wp-content\/uploads\/2026\/02\/029030_00_BasicT_F.avif 780w, https:\/\/sapinseudunpurjehtijat.fi\/wp-content\/uploads\/2026\/02\/029030_00_BasicT_F-234x300.avif 234w, https:\/\/sapinseudunpurjehtijat.fi\/wp-content\/uploads\/2026\/02\/029030_00_BasicT_F-768x985.avif 768w\" sizes=\"auto, (max-width: 780px) 100vw, 780px\" \/><\/figure>\n\n\n\n<p><strong>Clique t-paita<\/strong><\/p>\n\n\n\n<ul class=\"wp-block-list\">\n<li>naisille ja miehille oma mallinsa<\/li>\n\n\n\n<li>valkoinen<\/li>\n\n\n\n<li>logo rinnassa<\/li>\n\n\n\n<li>hinta n. 15 \u20ac<\/li>\n<\/ul>\n\n\n\n<figure class=\"wp-block-image size-large is-resized\"><img loading=\"lazy\" decoding=\"async\" width=\"1024\" height=\"1024\" src=\"https:\/\/sapinseudunpurjehtijat.fi\/wp-content\/uploads\/2026\/02\/seglarkeps-musto-essential-fast-dry-crew-cap-true-navy-one-size-moory-1-1024x1024.avif\" alt=\"\" class=\"wp-image-8085\" style=\"width:243px;height:auto\" srcset=\"https:\/\/sapinseudunpurjehtijat.fi\/wp-content\/uploads\/2026\/02\/seglarkeps-musto-essential-fast-dry-crew-cap-true-navy-one-size-moory-1-1024x1024.avif 1024w, https:\/\/sapinseudunpurjehtijat.fi\/wp-content\/uploads\/2026\/02\/seglarkeps-musto-essential-fast-dry-crew-cap-true-navy-one-size-moory-1-300x300.avif 300w, https:\/\/sapinseudunpurjehtijat.fi\/wp-content\/uploads\/2026\/02\/seglarkeps-musto-essential-fast-dry-crew-cap-true-navy-one-size-moory-1-150x150.avif 150w, https:\/\/sapinseudunpurjehtijat.fi\/wp-content\/uploads\/2026\/02\/seglarkeps-musto-essential-fast-dry-crew-cap-true-navy-one-size-moory-1-768x768.avif 768w, https:\/\/sapinseudunpurjehtijat.fi\/wp-content\/uploads\/2026\/02\/seglarkeps-musto-essential-fast-dry-crew-cap-true-navy-one-size-moory-1.avif 1440w\" sizes=\"auto, (max-width: 1024px) 100vw, 1024px\" \/><\/figure>\n\n\n\n<p><strong>Musto-lippis<\/strong><\/p>\n\n\n\n<ul class=\"wp-block-list\">\n<li>tummansininen<\/li>\n\n\n\n<li>SSP:n brodeeraus edess\u00e4<\/li>\n\n\n\n<li>kiinnitysklipsi<\/li>\n\n\n\n<li>hinta 25-30 \u20ac<\/li>\n<\/ul>\n","protected":false},"excerpt":{"rendered":"<p>Vaatetilaukse 2026 Kev\u00e4\u00e4ll\u00e4 2026 on taas mahdollisuus tilata SSP:een seuravaatteita. Vaatteita voi sovittaa Platlenssiss\u00e4 Lopulliset hnnat m\u00e4\u00e4r\u00e4ytyv\u00e4t tehtyjen tilausten perusteella. Clique vetoketjullinen huppari Clique kengurutaskullinen huppari Clique t-paita Musto-lippis<\/p>\n","protected":false},"author":2,"featured_media":0,"parent":0,"menu_order":0,"comment_status":"closed","ping_status":"closed","template":"","meta":{"_kad_post_transparent":"","_kad_post_title":"","_kad_post_layout":"","_kad_post_sidebar_id":"","_kad_post_content_style":"","_kad_post_vertical_padding":"","_kad_post_feature":"","_kad_post_feature_position":"","_kad_post_header":false,"_kad_post_footer":false,"_kad_post_classname":"","footnotes":""},"class_list":["post-8082","page","type-page","status-publish","hentry"],"featured_image_src":null,"builder_content":"","_links":{"self":[{"href":"https:\/\/sapinseudunpurjehtijat.fi\/index.php?rest_route=\/wp\/v2\/pages\/8082","targetHints":{"allow":["GET"]}}],"collection":[{"href":"https:\/\/sapinseudunpurjehtijat.fi\/index.php?rest_route=\/wp\/v2\/pages"}],"about":[{"href":"https:\/\/sapinseudunpurjehtijat.fi\/index.php?rest_route=\/wp\/v2\/types\/page"}],"author":[{"embeddable":true,"href":"https:\/\/sapinseudunpurjehtijat.fi\/index.php?rest_route=\/wp\/v2\/users\/2"}],"replies":[{"embeddable":true,"href":"https:\/\/sapinseudunpurjehtijat.fi\/index.php?rest_route=%2Fwp%2Fv2%2Fcomments&post=8082"}],"version-history":[{"count":1,"href":"https:\/\/sapinseudunpurjehtijat.fi\/index.php?rest_route=\/wp\/v2\/pages\/8082\/revisions"}],"predecessor-version":[{"id":8087,"href":"https:\/\/sapinseudunpurjehtijat.fi\/index.php?rest_route=\/wp\/v2\/pages\/8082\/revisions\/8087"}],"wp:attachment":[{"href":"https:\/\/sapinseudunpurjehtijat.fi\/index.php?rest_route=%2Fwp%2Fv2%2Fmedia&parent=8082"}],"curies":[{"name":"wp","href":"https:\/\/api.w.org\/{rel}","templated":true}]}}