{"id":7864,"date":"2025-09-14T11:42:44","date_gmt":"2025-09-14T11:42:44","guid":{"rendered":"https:\/\/sapinseudunpurjehtijat.fi\/?page_id=7864"},"modified":"2025-09-14T11:50:46","modified_gmt":"2025-09-14T11:50:46","slug":"suven-2025-tulokset","status":"publish","type":"page","link":"https:\/\/sapinseudunpurjehtijat.fi\/?page_id=7864","title":{"rendered":"Suven 2025 tulokset"},"content":{"rendered":"\n<p>Kilpailut: Selk\u00e4meri, Doop I,II ja III, S\u00e4pin ymp\u00e4ri ja Q.<\/p>\n\n\n\n<ol class=\"wp-block-list\">\n<li><strong>Lahja<\/strong>, 2+4+2+1+(10)+1= <strong>10<\/strong><\/li>\n\n\n\n<li><strong>Suvella<\/strong>, 3+1+ (4)+3+3+2=<strong>12<\/strong><\/li>\n\n\n\n<li><strong>Lady Hoo<\/strong>, 1+3+(5)+4+1+3=<strong>12<\/strong><\/li>\n\n\n\n<li><strong>Ariel<\/strong> \/ Petter, (10)+6+1+2+2+4=<strong>15<\/strong><\/li>\n\n\n\n<li><strong>Ariel<\/strong> \/ Mikko, 4+(6)+3+5+5+5=<strong>22<\/strong><\/li>\n\n\n\n<li><strong>Indigo<\/strong>, 5+(10)+6+10+6+10=<strong>37<\/strong><\/li>\n\n\n\n<li><strong>Elmiina<\/strong>, 7+7+8+7+8+(10)=<strong>37<\/strong><\/li>\n\n\n\n<li><strong>Siiri<\/strong>, (10)+2+10+10+10+10=<strong>42<\/strong><\/li>\n\n\n\n<li><strong>Triki<\/strong>, (10)+5+10+10+10+10=<strong>45<\/strong><\/li>\n<\/ol>\n\n\n<!-- wp:themify-builder\/canvas \/-->","protected":false},"excerpt":{"rendered":"<p>Kilpailut: Selk\u00e4meri, Doop I,II ja III, S\u00e4pin ymp\u00e4ri ja Q.<\/p>\n","protected":false},"author":2,"featured_media":0,"parent":0,"menu_order":0,"comment_status":"closed","ping_status":"closed","template":"","meta":{"_kad_post_transparent":"","_kad_post_title":"","_kad_post_layout":"","_kad_post_sidebar_id":"","_kad_post_content_style":"","_kad_post_vertical_padding":"","_kad_post_feature":"","_kad_post_feature_position":"","_kad_post_header":false,"_kad_post_footer":false,"_kad_post_classname":"","footnotes":""},"class_list":["post-7864","page","type-page","status-publish","hentry"],"featured_image_src":null,"builder_content":"","_links":{"self":[{"href":"https:\/\/sapinseudunpurjehtijat.fi\/index.php?rest_route=\/wp\/v2\/pages\/7864","targetHints":{"allow":["GET"]}}],"collection":[{"href":"https:\/\/sapinseudunpurjehtijat.fi\/index.php?rest_route=\/wp\/v2\/pages"}],"about":[{"href":"https:\/\/sapinseudunpurjehtijat.fi\/index.php?rest_route=\/wp\/v2\/types\/page"}],"author":[{"embeddable":true,"href":"https:\/\/sapinseudunpurjehtijat.fi\/index.php?rest_route=\/wp\/v2\/users\/2"}],"replies":[{"embeddable":true,"href":"https:\/\/sapinseudunpurjehtijat.fi\/index.php?rest_route=%2Fwp%2Fv2%2Fcomments&post=7864"}],"version-history":[{"count":3,"href":"https:\/\/sapinseudunpurjehtijat.fi\/index.php?rest_route=\/wp\/v2\/pages\/7864\/revisions"}],"predecessor-version":[{"id":7871,"href":"https:\/\/sapinseudunpurjehtijat.fi\/index.php?rest_route=\/wp\/v2\/pages\/7864\/revisions\/7871"}],"wp:attachment":[{"href":"https:\/\/sapinseudunpurjehtijat.fi\/index.php?rest_route=%2Fwp%2Fv2%2Fmedia&parent=7864"}],"curies":[{"name":"wp","href":"https:\/\/api.w.org\/{rel}","templated":true}]}}