{"id":7800,"date":"2025-08-06T14:07:29","date_gmt":"2025-08-06T14:07:29","guid":{"rendered":"https:\/\/sapinseudunpurjehtijat.fi\/?page_id=7800"},"modified":"2025-08-06T14:07:31","modified_gmt":"2025-08-06T14:07:31","slug":"sapin-ymparipurjehdus-2025","status":"publish","type":"page","link":"https:\/\/sapinseudunpurjehtijat.fi\/?page_id=7800","title":{"rendered":"S\u00e4pin ymp\u00e4ripurjehdus 2025"},"content":{"rendered":"\n\n\n<ol class=\"wp-block-list\">\n<li><strong>Suvella<\/strong>, 3.45,30 (pur.aika) \/ 0,8187 \/ <strong>3.04,37<\/strong>, <em>Markku Weckman, Panu Wilska ja Mikael Nurminen<\/em><\/li>\n\n\n\n<li><strong>Siiri<\/strong>, 3.46,30 \/ 0,8187 \/ <strong>3.05,26<\/strong>, <em>Tuuli ja Lilli Joopi sek\u00e4 Matias ja Tuomas Tuominen<\/em><\/li>\n\n\n\n<li><strong>Lady Hoo<\/strong>, 3.48,32 \/ 0,8187 \/ <strong>3.07,06<\/strong>, <em>Mikko, Maija ja Heikki Tuominen sek\u00e4 Soffe Joopi<\/em><\/li>\n\n\n\n<li><strong>Lahja<\/strong>, 3.50,15 \/ 0,8187 \/ <strong>3.08,30<\/strong>, <em>Heidi Heinil\u00e4, Essi Aaalto, Outi Tyykil\u00e4 ja Anna Soirinsuo<\/em><\/li>\n\n\n\n<li><strong>Triki<\/strong>, 3.03,00 \/ 1,0500 \/ <strong>3.12,06<\/strong>, <em>Christian ja Nina Kurkio<\/em><\/li>\n\n\n\n<li><strong>Ariel<\/strong>, 3.20,55 \/ 0,9623 \/ <strong>3.13,20<\/strong>, <em>Petter, Charlotta ja Tor Lundstr\u00f6m, Juho Lahtinen, Mikko Karjalainen sek\u00e4 Janne Kalliom\u00e4ki<\/em><\/li>\n\n\n\n<li><strong>Elmiina<\/strong>, 3.46,37 \/ 0,8539 \/ <strong>3.13,30<\/strong>, <em>Timo Tarkkanen ja Ville Wiro<\/em><\/li>\n\n\n\n<li><strong>Ariel<\/strong>, 3.41,30 \/ 0,8850 \/ <strong>3.16,01<\/strong>, <em>Mikko Nurminen, Eero ja Viljo S\u00e4dem\u00e4ki<\/em><\/li>\n\n\n\n<li><strong>Indico<\/strong>, <strong>DNF<\/strong>, <em>Pete Raikisto, Reiner Breite ja Tapio Koski<\/em><\/li>\n<\/ol>\n","protected":false},"excerpt":{"rendered":"","protected":false},"author":2,"featured_media":0,"parent":0,"menu_order":0,"comment_status":"closed","ping_status":"closed","template":"","meta":{"_kad_post_transparent":"","_kad_post_title":"","_kad_post_layout":"","_kad_post_sidebar_id":"","_kad_post_content_style":"","_kad_post_vertical_padding":"","_kad_post_feature":"","_kad_post_feature_position":"","_kad_post_header":false,"_kad_post_footer":false,"_kad_post_classname":"","footnotes":""},"class_list":["post-7800","page","type-page","status-publish","hentry"],"featured_image_src":null,"builder_content":"","_links":{"self":[{"href":"https:\/\/sapinseudunpurjehtijat.fi\/index.php?rest_route=\/wp\/v2\/pages\/7800","targetHints":{"allow":["GET"]}}],"collection":[{"href":"https:\/\/sapinseudunpurjehtijat.fi\/index.php?rest_route=\/wp\/v2\/pages"}],"about":[{"href":"https:\/\/sapinseudunpurjehtijat.fi\/index.php?rest_route=\/wp\/v2\/types\/page"}],"author":[{"embeddable":true,"href":"https:\/\/sapinseudunpurjehtijat.fi\/index.php?rest_route=\/wp\/v2\/users\/2"}],"replies":[{"embeddable":true,"href":"https:\/\/sapinseudunpurjehtijat.fi\/index.php?rest_route=%2Fwp%2Fv2%2Fcomments&post=7800"}],"version-history":[{"count":1,"href":"https:\/\/sapinseudunpurjehtijat.fi\/index.php?rest_route=\/wp\/v2\/pages\/7800\/revisions"}],"predecessor-version":[{"id":7802,"href":"https:\/\/sapinseudunpurjehtijat.fi\/index.php?rest_route=\/wp\/v2\/pages\/7800\/revisions\/7802"}],"wp:attachment":[{"href":"https:\/\/sapinseudunpurjehtijat.fi\/index.php?rest_route=%2Fwp%2Fv2%2Fmedia&parent=7800"}],"curies":[{"name":"wp","href":"https:\/\/api.w.org\/{rel}","templated":true}]}}