{"id":6211,"date":"2022-07-11T06:37:15","date_gmt":"2022-07-11T06:37:15","guid":{"rendered":"https:\/\/sapinseudunpurjehtijat.fi\/?page_id=6211"},"modified":"2022-07-12T15:59:36","modified_gmt":"2022-07-12T15:59:36","slug":"xanthippe-2-hangossa-2022","status":"publish","type":"page","link":"https:\/\/sapinseudunpurjehtijat.fi\/?page_id=6211","title":{"rendered":"Xanthippe 2. Hangossa 2022"},"content":{"rendered":"<!-- wp:themify-builder\/canvas \/-->\n\n\n<p>Tor Lundstr\u00f6m purjehti Xanthipell\u00e4 2. Hangon regatassa. <\/p>\n\n\n\n<p>Tor Lundstr\u00f6m oli kokonaiskilpailun 37. ja Matti Aaltio Sannallaan 137. 188 veneen joukossa. <\/p>\n","protected":false},"excerpt":{"rendered":"<p>Tor Lundstr\u00f6m purjehti Xanthipell\u00e4 2. Hangon regatassa. Tor Lundstr\u00f6m oli kokonaiskilpailun 37. ja Matti Aaltio Sannallaan 137. 188 veneen joukossa.<\/p>\n","protected":false},"author":2,"featured_media":0,"parent":0,"menu_order":0,"comment_status":"closed","ping_status":"closed","template":"","meta":{"_kad_post_transparent":"","_kad_post_title":"","_kad_post_layout":"","_kad_post_sidebar_id":"","_kad_post_content_style":"","_kad_post_vertical_padding":"","_kad_post_feature":"","_kad_post_feature_position":"","_kad_post_header":false,"_kad_post_footer":false,"_kad_post_classname":"","footnotes":""},"class_list":["post-6211","page","type-page","status-publish","hentry"],"featured_image_src":null,"builder_content":"","_links":{"self":[{"href":"https:\/\/sapinseudunpurjehtijat.fi\/index.php?rest_route=\/wp\/v2\/pages\/6211","targetHints":{"allow":["GET"]}}],"collection":[{"href":"https:\/\/sapinseudunpurjehtijat.fi\/index.php?rest_route=\/wp\/v2\/pages"}],"about":[{"href":"https:\/\/sapinseudunpurjehtijat.fi\/index.php?rest_route=\/wp\/v2\/types\/page"}],"author":[{"embeddable":true,"href":"https:\/\/sapinseudunpurjehtijat.fi\/index.php?rest_route=\/wp\/v2\/users\/2"}],"replies":[{"embeddable":true,"href":"https:\/\/sapinseudunpurjehtijat.fi\/index.php?rest_route=%2Fwp%2Fv2%2Fcomments&post=6211"}],"version-history":[{"count":4,"href":"https:\/\/sapinseudunpurjehtijat.fi\/index.php?rest_route=\/wp\/v2\/pages\/6211\/revisions"}],"predecessor-version":[{"id":6222,"href":"https:\/\/sapinseudunpurjehtijat.fi\/index.php?rest_route=\/wp\/v2\/pages\/6211\/revisions\/6222"}],"wp:attachment":[{"href":"https:\/\/sapinseudunpurjehtijat.fi\/index.php?rest_route=%2Fwp%2Fv2%2Fmedia&parent=6211"}],"curies":[{"name":"wp","href":"https:\/\/api.w.org\/{rel}","templated":true}]}}